mainder when 323842 is divided by 463?
205
What is the remainder when 1331220 is divided by 762?
6
What is the remainder when 103157 is divided by 50907?
1343
Calculate the remainder when 4169772 is divided by 189535.
2
What is the remainder when 18242874 is divided by 35?
34
What is the remainder when 71311128 is divided by 4754075?
3
Calculate the remainder when 99117 is divided by 24414.
1461
Calculate the remainder when 2138092 is divided by 759.
748
What is the remainder when 55485345 is divided by 11097067?
10
What is the remainder when 2722660 is divided by 388950?
10
Calculate the remainder when 8990437 is divided by 2996636.
529
What is the remainder when 701579 is divided by 14?
11
Calculate the remainder when 70794 is divided by 70144.
650
Calculate the remainder when 13964784 is divided by 282.
144
Calculate the remainder when 11612 is divided by 232.
12
What is the remainder when 5633459 is divided by 112?
83
What is the remainder when 5978423 is divided by 16888?
71
What is the remainder when 1186553 is divided by 131836?
29
Calculate the remainder when 55213 is divided by 17739.
1996
Calculate the remainder when 3624400 is divided by 116916.
4
What is the remainder when 3128628 is divided by 2603?
2425
Calculate the remainder when 681377 is divided by 227073.
158
What is the remainder when 823590 is divided by 17?
8
What is the remainder when 90528393 is divided by 26?
7
What is the remainder when 963 is divided by 171?
108
What is the remainder when 914808 is divided by 3703?
167
What is the remainder when 86283091 is divided by 1113?
1105
What is the remainder when 37546 is divided by 6030?
1366
Calculate the remainder when 35609 is divided by 8899.
13
Calculate the remainder when 668745 is divided by 41.
35
What is the remainder when 277126 is divided by 931?
619
Calculate the remainder when 3188321 is divided by 3961.
3677
What is the remainder when 1045343 is divided by 17?
13
What is the remainder when 20049199 is divided by 704?
687
What is the remainder when 39338144 is divided by 15?
14
Calculate the remainder when 1707961 is divided by 1141.
1025
What is the remainder when 618007562 is divided by 2417?
2415
Calculate the remainder when 1474910 is divided by 98327.
5
Calculate the remainder when 195641 is divided by 47.
27
What is the remainder when 917166 is divided by 843?
825
Calculate the remainder when 143771973 is divided by 47923991.
0
What is the remainder when 15306624 is divided by 215?
129
Calculate the remainder when 168633 is divided by 364.
101
Calculate the remainder when 915435 is divided by 130767.
66
What is the remainder when 6989508 is divided by 517?
185
Calculate the remainder when 1680849 is divided by 1535.
24
Calculate the remainder when 363193615 is divided by 16.
15
Calculate the remainder when 3011914 is divided by 1003859.
337
Calculate the remainder when 1444703 is divided by 28.
15
Calculate the remainder when 1392708 is divided by 2302.
2300
Calculate the remainder when 42216 is divided by 5242.
280
Calculate the remainder when 1105962 is divided by 1133.
154
Calculate the remainder when 16473707 is divided by 27.
8
Calculate the remainder when 1434716 is divided by 6270.
5156
Calculate the remainder when 74965 is divided by 373.
365
Calculate the remainder when 92376 is divided by 15351.
270
What is the remainder when 138176 is divided by 9988?
8332
Calculate the remainder when 866405677 is divided by 680.
677
Calculate the remainder when 6725992 is divided by 367.
350
What is the remainder when 4711787 is divided by 129?
62
What is the remainder when 34119517 is divided by 17059753?
11
Calculate the remainder when 26903707 is divided by 82.
81
What is the remainder when 7303182 is divided by 562?
554
What is the remainder when 49299555 is divided by 1309?
1306
Calculate the remainder when 106102 is divided by 4419.
46
What is the remainder when 4933504 is divided by 154172?
0
What is the remainder when 2871696 is divided by 122?
60
What is the remainder when 40880 is divided by 4787?
2584
What is the remainder when 5966535 is divided by 4758?
3
Calculate the remainder when 63346 is divided by 573.
316
Calculate the remainder when 11877977 is divided by 10.
7
What is the remainder when 42214 is divided by 317?
53
What is the remainder when 306426 is divided by 168?
162
Calculate the remainder when 582721 is divided by 19.
10
Calculate the remainder when 1528212 is divided by 54579.
0
Calculate the remainder when 411853 is divided by 137229.
166
What is the remainder when 295875 is divided by 147916?
43
Calculate the remainder when 15444260 is divided by 29.
20
What is the remainder when 210803 is divided by 210784?
19
Calculate the remainder when 2289643 is divided by 3681.
61
What is the remainder when 4607564 is divided by 791?
780
Calculate the remainder when 81824365 is divided by 376.
373
Calculate the remainder when 4691245 is divided by 1.
0
Calculate the remainder when 7370 is divided by 3370.
630
Calculate the remainder when 63373484 is divided by 31686730.
24
Calculate the remainder when 23151 is divided by 23016.
135
Calculate the remainder when 7269378 is divided by 14338.
12
Calculate the remainder when 5696 is divided by 67.
1
Calculate the remainder when 156796 is divided by 51511.
2263
What is the remainder when 80297 is divided by 26739?
80
What is the remainder when 63197698 is divided by 97?
64
Calculate the remainder when 8411291 is divided by 700913.
335
What is the remainder when 8483937 is divided by 652598?
163
What is the remainder when 24036996 is divided by 10?
6
What is the remainder when 949896 is divided by 2125?
21
Calculate the remainder when 164131976 is divided by 77.
8
Calculate the remainder when 1087362 is divided by 63.
45
What is the remainder when 670941 is divided by 206?
205
What is the remainder when 6538381 is divided by 345?
286
What is the remainder when 29619947 is divided by 195?
32
What is the remainder when 219855058 is divided by 73285007?
37
Calculate the remainder when 2688346 is divided by 1823.
1244
Calculate the remainder when 3868215 is divided by 161174.
39
Calculate the remainder when 97582 is divided by 646.
36
Calculate the remainder when 128614 is divided by 32152.
6
Calculate the remainder when 527978767 is divided by 1124.
1123
Calculate the remainder when 2499177 is divided by 3044.
53
Calculate the remainder when 4355 is divided by 461.
206
Calculate the remainder when 483629 is divided by 294.
293
Calculate the remainder when 5029719 is divided by 365.
19
What is the remainder when 690416 is divided by 36164?
3300
What is the remainder when 2657575 is divided by 1110?
235
What is the remainder when 258283 is divided by 28?
11
Calculate the remainder when 8706 is divided by 2607.
885
What is the remainder when 145943 is divided by 4568?
4335
What is the remainder when 1862729 is divided by 19605?
254
Calculate the remainder when 235966 is divided by 15730.
16
Calculate the remainder when 521391 is divided by 252.
3
Calculate the remainder when 11057693 is divided by 1105767.
23
What is the remainder when 197210 is divided by 497?
398
Calculate the remainder when 2130594 is divided by 1158.
1032
What is the remainder when 1550245 is divided by 59617?
203
What is the remainder when 281296 is divided by 130?
106
What is the remainder when 4162312 is divided by 19915?
77
What is the remainder when 113884 is divided by 8746?
186
What is the remainder when 1895650 is divided by 295?
275
Calculate the remainder when 1113884 is divided by 984.
980
What is the remainder when 298580 is divided by 108?
68
Calculate the remainder when 1971804 is divided by 879.
207
What is the remainder when 383019881 is divided by 26?
23
What is the remainder when 1356635 is divided by 743?
660
What is the remainder when 10409213 is divided by 3469736?
5
What is the remainder when 20270666 is divided by 4745?
26
Calculate the remainder when 826351 is divided by 3428.
203
What is the remainder when 6113142 is divided by 821?
797
What is the remainder when 6791580 is divided by 30?
0
Calculate the remainder when 30740 is divided by 101.
36
Calculate the remainder when 9925 is divided by 1068.
313
Calculate the remainder when 15071278 is divided by